{"id":459,"date":"2026-01-30T11:21:39","date_gmt":"2026-01-30T09:21:39","guid":{"rendered":"https:\/\/lisle-en-commun.fr\/?page_id=459"},"modified":"2026-01-30T11:27:29","modified_gmt":"2026-01-30T09:27:29","slug":"dynamisme-a-lisle-sur-tarn","status":"publish","type":"page","link":"https:\/\/lisle-en-commun.fr\/index.php\/dynamisme-a-lisle-sur-tarn\/","title":{"rendered":"Dynamisme \u00e0 Lisle-sur-Tarn"},"content":{"rendered":"\n<div class=\"wp-block-group bg-bleu\"><div class=\"wp-block-group__inner-container is-layout-constrained wp-block-group-is-layout-constrained\">\n<div class=\"wp-block-columns container is-layout-flex wp-container-core-columns-is-layout-9d6595d7 wp-block-columns-is-layout-flex\">\n<div class=\"wp-block-column is-layout-flow wp-block-column-is-layout-flow\"><div class=\"wp-block-image\">\n<figure class=\"aligncenter size-large\"><img loading=\"lazy\" decoding=\"async\" width=\"1889\" height=\"1062\" src=\"https:\/\/lisle-en-commun.fr\/wp-content\/uploads\/2026\/01\/PXL_20260117_110043337.MP2_-1-edited.jpg\" alt=\"\" class=\"wp-image-465\" srcset=\"https:\/\/lisle-en-commun.fr\/wp-content\/uploads\/2026\/01\/PXL_20260117_110043337.MP2_-1-edited.jpg 1889w, https:\/\/lisle-en-commun.fr\/wp-content\/uploads\/2026\/01\/PXL_20260117_110043337.MP2_-1-edited-300x169.jpg 300w, https:\/\/lisle-en-commun.fr\/wp-content\/uploads\/2026\/01\/PXL_20260117_110043337.MP2_-1-edited-1024x576.jpg 1024w, https:\/\/lisle-en-commun.fr\/wp-content\/uploads\/2026\/01\/PXL_20260117_110043337.MP2_-1-edited-768x432.jpg 768w, https:\/\/lisle-en-commun.fr\/wp-content\/uploads\/2026\/01\/PXL_20260117_110043337.MP2_-1-edited-1536x864.jpg 1536w\" sizes=\"auto, (max-width: 1889px) 100vw, 1889px\" \/><\/figure>\n<\/div><\/div>\n\n\n\n<div class=\"wp-block-column is-layout-flow wp-block-column-is-layout-flow\">\n<div class=\"wp-block-group texte-bulle\"><div class=\"wp-block-group__inner-container is-layout-constrained wp-block-group-is-layout-constrained\">\n<p>Le Samedi 17 janvier, plus de 60 lislois\u22c5es ont particip\u00e9 \u00e0 la r\u00e9union publique consacr\u00e9e au <strong>Dynamisme de Lisle-sur-Tarn<\/strong>, organis\u00e9e autour de quatre th\u00e8mes : \u00e9conomie, jeunesse, mobilit\u00e9 et culture &#8211; patrimoine. L&rsquo;\u00e9v\u00e9nement a \u00e9t\u00e9 marqu\u00e9 par<strong> l&rsquo;\u00e9nergie et de la qualit\u00e9 des \u00e9changes<\/strong>.<\/p>\n<\/div><\/div>\n<\/div>\n<\/div>\n<\/div><\/div>\n\n\n\n<div class=\"wp-block-group\"><div class=\"wp-block-group__inner-container is-layout-constrained wp-block-group-is-layout-constrained\">\n<div class=\"wp-block-columns container is-layout-flex wp-container-core-columns-is-layout-9d6595d7 wp-block-columns-is-layout-flex\">\n<div class=\"wp-block-column is-layout-flow wp-block-column-is-layout-flow\">\n<p class=\"lead\">\u00c0 toutes les tables, un besoin commun appara\u00eet : mieux se conna\u00eetre, mieux se coordonner, mieux rendre visible ce qui existe d\u00e9j\u00e0. Ainsi, la municipalit\u00e9 est attendue comme facilitatrice, capable de mettre en r\u00e9seau et de soutenir les initiatives.<\/p>\n\n\n\n<h3 class=\"wp-block-heading\">Besoin de lieux partag\u00e9s<\/h3>\n\n\n\n<p>Lieux pour les jeunes et lieux inter-g\u00e9n\u00e9rationnels, tiers-lieux, espaces culturels, co-working&#8230; la question des lieux traverse l\u2019ensemble des ateliers. Car ces espaces sont per\u00e7us comme des leviers essentiels de lien social et d\u2019attractivit\u00e9. C&rsquo;est pourquoi la municipalit\u00e9 doit mettre \u00e0 disposition ses locaux vacants.<\/p>\n\n\n\n<h3 class=\"wp-block-heading\">Penser la commune dans son ensemble<\/h3>\n\n\n\n<p>Centre-bourg et hameaux doivent \u00eatre pens\u00e9s ensemble. Mobilit\u00e9s, services, animations : le dynamisme doit b\u00e9n\u00e9ficier \u00e0 <strong>tout le territoire communal<\/strong>, en tenant compte des r\u00e9alit\u00e9s rurales.<\/p>\n\n\n\n<p>Afin de rendre compte des be soins l&rsquo;\u00e9quipe de Lisle-en-Commun a propos\u00e9 quatre ateliers th\u00e9matiques : \u00c9conomie, Jeunesse, Mobilit\u00e9s, Culture &amp; Patrimoine, pour partager constats, id\u00e9es et propositions concr\u00e8tes.<\/p>\n\n\n\n<p><\/p>\n\n\n\n<h2 class=\"wp-block-heading bg-jaune h2m\">4 sujets sur la table<\/h2>\n\n\n\n<section class=\"wp-block-group groupm\"><div class=\"wp-block-group__inner-container is-layout-constrained wp-block-group-is-layout-constrained\">\n<h3 class=\"wp-block-heading\">\u00c9conomie<\/h3>\n\n\n\n<p>Mieux soutenir les commerces et artisan\u00b7es, dans le but de cr\u00e9er du lien entre les acteurs \u00e9conomiques, valoriser l\u2019existant et accompagner l\u2019emploi local.<\/p>\n\n\n\n<div class=\"wp-block-buttons is-layout-flex wp-block-buttons-is-layout-flex\">\n<div class=\"wp-block-button\"><a class=\"wp-block-button__link wp-element-button\" href=\"https:\/\/lisle-en-commun.fr\/wp-admin\/admin-ajax.php?action=tnptr&amp;nltr=MTg7NDM7aHR0cHM6Ly9kcml2ZS5wcm90b24ubWUvdXJscy9OTVQ1N1JERllDI0l2UWZRODZXT3hjWjs7MWNhNDIyYmM5MWE5ZWRmZTRlNDFhMmIwZjUwM2ZiN2U%3D\" target=\"_blank\" rel=\"noreferrer noopener\">T\u00e9l\u00e9charger le Compte-rendu \u00c9conomie<\/a><\/div>\n<\/div>\n<\/div><\/section>\n\n\n\n<section class=\"wp-block-group groupm\"><div class=\"wp-block-group__inner-container is-layout-constrained wp-block-group-is-layout-constrained\">\n<h3 class=\"wp-block-heading\">Jeunesse<\/h3>\n\n\n\n<p>Manque de lieux d\u00e9di\u00e9s, besoin d\u2019aller vers les 15\u201330 ans, enjeux de participation, de lutte contre les discriminations et d\u2019acc\u00e8s \u00e0 l\u2019emploi.<\/p>\n\n\n\n<div class=\"wp-block-buttons is-layout-flex wp-block-buttons-is-layout-flex\">\n<div class=\"wp-block-button\"><a class=\"wp-block-button__link wp-element-button\" href=\"https:\/\/lisle-en-commun.fr\/wp-admin\/admin-ajax.php?action=tnptr&amp;nltr=MTg7NDM7aHR0cHM6Ly9kcml2ZS5wcm90b24ubWUvdXJscy9DNzVGVEhCNkhNI0FLcGJCd01MYnJuNTs7MTA5OGY1NzgxZWZjMGY2NjkzYzMyYmRlNTI2YzgxNGU%3D\" target=\"_blank\" rel=\"noreferrer noopener\">T\u00e9l\u00e9charger le compte-rendu Jeunesse<\/a><\/div>\n<\/div>\n<\/div><\/section>\n\n\n\n<section class=\"wp-block-group groupm\"><div class=\"wp-block-group__inner-container is-layout-constrained wp-block-group-is-layout-constrained\">\n<h3 class=\"wp-block-heading\">Mobilit\u00e9<\/h3>\n\n\n\n<p>S\u00e9curisation des d\u00e9placements pi\u00e9tons, circulation et stationnement en centre-bourg, \u00e9tat de la voirie en zones rurales, ainsi que solutions souples pour relier hameaux et services.<\/p>\n\n\n\n<div class=\"wp-block-buttons is-layout-flex wp-block-buttons-is-layout-flex\">\n<div class=\"wp-block-button\"><a class=\"wp-block-button__link wp-element-button\" href=\"https:\/\/lisle-en-commun.fr\/wp-admin\/admin-ajax.php?action=tnptr&amp;nltr=MTg7NDM7aHR0cHM6Ly9kcml2ZS5wcm90b24ubWUvdXJscy9BVDlGRTU1UkZHI2ZYckZKOFdlMUc5czs7NWU2NWMwYTQ5NWMwYjdkZWE1N2M4OGFkZDVhOGFkMzg%3D\" target=\"_blank\" rel=\"noreferrer noopener\">T\u00e9l\u00e9charger le compte-rendu Mobilit\u00e9<\/a><\/div>\n<\/div>\n<\/div><\/section>\n\n\n\n<section class=\"wp-block-group groupm\"><div class=\"wp-block-group__inner-container is-layout-constrained wp-block-group-is-layout-constrained\">\n<h3 class=\"wp-block-heading\">Culture &amp; Patrimoine<\/h3>\n\n\n\n<p>Un vivier artistique riche mais peu valoris\u00e9, besoin d&rsquo;\u00e9toffer la programmation culturelle, potentiel fort autour du patrimoine et des talents locaux.<\/p>\n\n\n\n<div class=\"wp-block-buttons is-layout-flex wp-block-buttons-is-layout-flex\">\n<div class=\"wp-block-button\"><a class=\"wp-block-button__link wp-element-button\" href=\"https:\/\/lisle-en-commun.fr\/wp-admin\/admin-ajax.php?action=tnptr&amp;nltr=MTg7NDM7aHR0cHM6Ly9kcml2ZS5wcm90b24ubWUvdXJscy8wTTA1MkI5TlhDI20yRG1xZ0g1VkwzQzs7ODUxMjlmYTE2YTA0YTNmMjU2NjBmNDI3NDRlN2VkNDQ%3D\" target=\"_blank\" rel=\"noreferrer noopener\">T\u00e9l\u00e9charger le compte-rendu Culture et Patrimoine<\/a><\/div>\n<\/div>\n<\/div><\/section>\n\n\n\n<section class=\"wp-block-group groupm\"><div class=\"wp-block-group__inner-container is-layout-constrained wp-block-group-is-layout-constrained\">\n<h4 class=\"wp-block-heading\">Conclusion<\/h4>\n\n\n\n<div class=\"wp-block-buttons is-layout-flex wp-block-buttons-is-layout-flex\">\n<div class=\"wp-block-button\"><a class=\"wp-block-button__link wp-element-button\" href=\"https:\/\/lisle-en-commun.fr\/wp-admin\/admin-ajax.php?action=tnptr&amp;nltr=MTg7NDM7aHR0cHM6Ly9kcml2ZS5wcm90b24ubWUvdXJscy9LUEFRNEtDSEpDI0dZU29CTW5zMTVMTzs7NzczODQ5NTM4OTUwZmU2YzE2YTE4ZTUxOGE0MDAyMjY%3D\" target=\"_blank\" rel=\"noreferrer noopener\">T\u00e9l\u00e9charger tous les compte-rendus<\/a><\/div>\n<\/div>\n<\/div><\/section>\n<\/div>\n<\/div>\n<\/div><\/div>\n","protected":false},"excerpt":{"rendered":"<p>Le Samedi 17 janvier, plus de 60 lislois\u22c5es ont particip\u00e9 \u00e0 la r\u00e9union publique consacr\u00e9e au Dynamisme de Lisle-sur-Tarn, organis\u00e9e autour de quatre th\u00e8mes : \u00e9conomie, jeunesse, mobilit\u00e9 et culture &#8211; patrimoine. L&rsquo;\u00e9v\u00e9nement a \u00e9t\u00e9 marqu\u00e9 par l&rsquo;\u00e9nergie et de la qualit\u00e9 des \u00e9changes. \u00c0 toutes les tables, un besoin commun appara\u00eet : mieux se [&#8230;]<\/p>\n<p><a class=\"btn btn-secondary understrap-read-more-link\" href=\"https:\/\/lisle-en-commun.fr\/index.php\/dynamisme-a-lisle-sur-tarn\/\">Lire la suite\u2026<span class=\"screen-reader-text\"> from Dynamisme \u00e0 Lisle-sur-Tarn<\/span><\/a><\/p>\n","protected":false},"author":1,"featured_media":0,"parent":0,"menu_order":0,"comment_status":"closed","ping_status":"closed","template":"","meta":{"footnotes":""},"class_list":["post-459","page","type-page","status-publish","hentry"],"yoast_head":"<!-- This site is optimized with the Yoast SEO plugin v26.7 - https:\/\/yoast.com\/wordpress\/plugins\/seo\/ -->\n<title>Dynamisme \u00e0 Lisle-sur-Tarn - Lisle en Commun<\/title>\n<meta name=\"description\" content=\"Le Samedi 17 janvier, plus de 60 lislois\u22c5es ont particip\u00e9 \u00e0 la r\u00e9union publique consacr\u00e9e au Dynamisme de Lisle-sur-Tarn, organis\u00e9e autour de quatre th\u00e8mes : \u00e9conomie, jeunesse, mobilit\u00e9 et culture - patrimoine.\" \/>\n<meta name=\"robots\" content=\"index, follow, max-snippet:-1, max-image-preview:large, max-video-preview:-1\" \/>\n<link rel=\"canonical\" href=\"https:\/\/lisle-en-commun.fr\/index.php\/dynamisme-a-lisle-sur-tarn\/\" \/>\n<meta property=\"og:locale\" content=\"fr_FR\" \/>\n<meta property=\"og:type\" content=\"article\" \/>\n<meta property=\"og:title\" content=\"Dynamisme \u00e0 Lisle-sur-Tarn - Lisle en Commun\" \/>\n<meta property=\"og:description\" content=\"Le Samedi 17 janvier, plus de 60 lislois\u22c5es ont particip\u00e9 \u00e0 la r\u00e9union publique consacr\u00e9e au Dynamisme de Lisle-sur-Tarn, organis\u00e9e autour de quatre th\u00e8mes : \u00e9conomie, jeunesse, mobilit\u00e9 et culture - patrimoine.\" \/>\n<meta property=\"og:url\" content=\"https:\/\/lisle-en-commun.fr\/index.php\/dynamisme-a-lisle-sur-tarn\/\" \/>\n<meta property=\"og:site_name\" content=\"Lisle en Commun\" \/>\n<meta property=\"article:modified_time\" content=\"2026-01-30T09:27:29+00:00\" \/>\n<meta property=\"og:image\" content=\"https:\/\/lisle-en-commun.fr\/wp-content\/uploads\/2026\/01\/PXL_20260117_110043337.MP2_-1-edited.jpg\" \/>\n\t<meta property=\"og:image:width\" content=\"1889\" \/>\n\t<meta property=\"og:image:height\" content=\"1062\" \/>\n\t<meta property=\"og:image:type\" content=\"image\/jpeg\" \/>\n<meta name=\"twitter:card\" content=\"summary_large_image\" \/>\n<meta name=\"twitter:label1\" content=\"Dur\u00e9e de lecture estim\u00e9e\" \/>\n\t<meta name=\"twitter:data1\" content=\"1 minute\" \/>\n<script type=\"application\/ld+json\" class=\"yoast-schema-graph\">{\"@context\":\"https:\/\/schema.org\",\"@graph\":[{\"@type\":\"WebPage\",\"@id\":\"https:\/\/lisle-en-commun.fr\/index.php\/dynamisme-a-lisle-sur-tarn\/\",\"url\":\"https:\/\/lisle-en-commun.fr\/index.php\/dynamisme-a-lisle-sur-tarn\/\",\"name\":\"Dynamisme \u00e0 Lisle-sur-Tarn - Lisle en Commun\",\"isPartOf\":{\"@id\":\"https:\/\/lisle-en-commun.fr\/#website\"},\"primaryImageOfPage\":{\"@id\":\"https:\/\/lisle-en-commun.fr\/index.php\/dynamisme-a-lisle-sur-tarn\/#primaryimage\"},\"image\":{\"@id\":\"https:\/\/lisle-en-commun.fr\/index.php\/dynamisme-a-lisle-sur-tarn\/#primaryimage\"},\"thumbnailUrl\":\"https:\/\/lisle-en-commun.fr\/wp-content\/uploads\/2026\/01\/PXL_20260117_110043337.MP2_-1-edited.jpg\",\"datePublished\":\"2026-01-30T09:21:39+00:00\",\"dateModified\":\"2026-01-30T09:27:29+00:00\",\"description\":\"Le Samedi 17 janvier, plus de 60 lislois\u22c5es ont particip\u00e9 \u00e0 la r\u00e9union publique consacr\u00e9e au Dynamisme de Lisle-sur-Tarn, organis\u00e9e autour de quatre th\u00e8mes : \u00e9conomie, jeunesse, mobilit\u00e9 et culture - patrimoine.\",\"breadcrumb\":{\"@id\":\"https:\/\/lisle-en-commun.fr\/index.php\/dynamisme-a-lisle-sur-tarn\/#breadcrumb\"},\"inLanguage\":\"fr-FR\",\"potentialAction\":[{\"@type\":\"ReadAction\",\"target\":[\"https:\/\/lisle-en-commun.fr\/index.php\/dynamisme-a-lisle-sur-tarn\/\"]}]},{\"@type\":\"ImageObject\",\"inLanguage\":\"fr-FR\",\"@id\":\"https:\/\/lisle-en-commun.fr\/index.php\/dynamisme-a-lisle-sur-tarn\/#primaryimage\",\"url\":\"https:\/\/lisle-en-commun.fr\/wp-content\/uploads\/2026\/01\/PXL_20260117_110043337.MP2_-1-edited.jpg\",\"contentUrl\":\"https:\/\/lisle-en-commun.fr\/wp-content\/uploads\/2026\/01\/PXL_20260117_110043337.MP2_-1-edited.jpg\",\"width\":1889,\"height\":1062},{\"@type\":\"BreadcrumbList\",\"@id\":\"https:\/\/lisle-en-commun.fr\/index.php\/dynamisme-a-lisle-sur-tarn\/#breadcrumb\",\"itemListElement\":[{\"@type\":\"ListItem\",\"position\":1,\"name\":\"Home\",\"item\":\"https:\/\/lisle-en-commun.fr\/\"},{\"@type\":\"ListItem\",\"position\":2,\"name\":\"Dynamisme \u00e0 Lisle-sur-Tarn\"}]},{\"@type\":\"WebSite\",\"@id\":\"https:\/\/lisle-en-commun.fr\/#website\",\"url\":\"https:\/\/lisle-en-commun.fr\/\",\"name\":\"Lisle en Commun\",\"description\":\"\",\"publisher\":{\"@id\":\"https:\/\/lisle-en-commun.fr\/#organization\"},\"potentialAction\":[{\"@type\":\"SearchAction\",\"target\":{\"@type\":\"EntryPoint\",\"urlTemplate\":\"https:\/\/lisle-en-commun.fr\/?s={search_term_string}\"},\"query-input\":{\"@type\":\"PropertyValueSpecification\",\"valueRequired\":true,\"valueName\":\"search_term_string\"}}],\"inLanguage\":\"fr-FR\"},{\"@type\":\"Organization\",\"@id\":\"https:\/\/lisle-en-commun.fr\/#organization\",\"name\":\"Lisle en Commun\",\"url\":\"https:\/\/lisle-en-commun.fr\/\",\"logo\":{\"@type\":\"ImageObject\",\"inLanguage\":\"fr-FR\",\"@id\":\"https:\/\/lisle-en-commun.fr\/#\/schema\/logo\/image\/\",\"url\":\"https:\/\/lisle-en-commun.fr\/wp-content\/uploads\/2025\/09\/logo-lisle-en-commun-1.png\",\"contentUrl\":\"https:\/\/lisle-en-commun.fr\/wp-content\/uploads\/2025\/09\/logo-lisle-en-commun-1.png\",\"width\":800,\"height\":800,\"caption\":\"Lisle en Commun\"},\"image\":{\"@id\":\"https:\/\/lisle-en-commun.fr\/#\/schema\/logo\/image\/\"},\"sameAs\":[\"https:\/\/www.instagram.com\/lisle_en_commun\/\"]}]}<\/script>\n<!-- \/ Yoast SEO plugin. -->","yoast_head_json":{"title":"Dynamisme \u00e0 Lisle-sur-Tarn - Lisle en Commun","description":"Le Samedi 17 janvier, plus de 60 lislois\u22c5es ont particip\u00e9 \u00e0 la r\u00e9union publique consacr\u00e9e au Dynamisme de Lisle-sur-Tarn, organis\u00e9e autour de quatre th\u00e8mes : \u00e9conomie, jeunesse, mobilit\u00e9 et culture - patrimoine.","robots":{"index":"index","follow":"follow","max-snippet":"max-snippet:-1","max-image-preview":"max-image-preview:large","max-video-preview":"max-video-preview:-1"},"canonical":"https:\/\/lisle-en-commun.fr\/index.php\/dynamisme-a-lisle-sur-tarn\/","og_locale":"fr_FR","og_type":"article","og_title":"Dynamisme \u00e0 Lisle-sur-Tarn - Lisle en Commun","og_description":"Le Samedi 17 janvier, plus de 60 lislois\u22c5es ont particip\u00e9 \u00e0 la r\u00e9union publique consacr\u00e9e au Dynamisme de Lisle-sur-Tarn, organis\u00e9e autour de quatre th\u00e8mes : \u00e9conomie, jeunesse, mobilit\u00e9 et culture - patrimoine.","og_url":"https:\/\/lisle-en-commun.fr\/index.php\/dynamisme-a-lisle-sur-tarn\/","og_site_name":"Lisle en Commun","article_modified_time":"2026-01-30T09:27:29+00:00","og_image":[{"width":1889,"height":1062,"url":"https:\/\/lisle-en-commun.fr\/wp-content\/uploads\/2026\/01\/PXL_20260117_110043337.MP2_-1-edited.jpg","type":"image\/jpeg"}],"twitter_card":"summary_large_image","twitter_misc":{"Dur\u00e9e de lecture estim\u00e9e":"1 minute"},"schema":{"@context":"https:\/\/schema.org","@graph":[{"@type":"WebPage","@id":"https:\/\/lisle-en-commun.fr\/index.php\/dynamisme-a-lisle-sur-tarn\/","url":"https:\/\/lisle-en-commun.fr\/index.php\/dynamisme-a-lisle-sur-tarn\/","name":"Dynamisme \u00e0 Lisle-sur-Tarn - Lisle en Commun","isPartOf":{"@id":"https:\/\/lisle-en-commun.fr\/#website"},"primaryImageOfPage":{"@id":"https:\/\/lisle-en-commun.fr\/index.php\/dynamisme-a-lisle-sur-tarn\/#primaryimage"},"image":{"@id":"https:\/\/lisle-en-commun.fr\/index.php\/dynamisme-a-lisle-sur-tarn\/#primaryimage"},"thumbnailUrl":"https:\/\/lisle-en-commun.fr\/wp-content\/uploads\/2026\/01\/PXL_20260117_110043337.MP2_-1-edited.jpg","datePublished":"2026-01-30T09:21:39+00:00","dateModified":"2026-01-30T09:27:29+00:00","description":"Le Samedi 17 janvier, plus de 60 lislois\u22c5es ont particip\u00e9 \u00e0 la r\u00e9union publique consacr\u00e9e au Dynamisme de Lisle-sur-Tarn, organis\u00e9e autour de quatre th\u00e8mes : \u00e9conomie, jeunesse, mobilit\u00e9 et culture - patrimoine.","breadcrumb":{"@id":"https:\/\/lisle-en-commun.fr\/index.php\/dynamisme-a-lisle-sur-tarn\/#breadcrumb"},"inLanguage":"fr-FR","potentialAction":[{"@type":"ReadAction","target":["https:\/\/lisle-en-commun.fr\/index.php\/dynamisme-a-lisle-sur-tarn\/"]}]},{"@type":"ImageObject","inLanguage":"fr-FR","@id":"https:\/\/lisle-en-commun.fr\/index.php\/dynamisme-a-lisle-sur-tarn\/#primaryimage","url":"https:\/\/lisle-en-commun.fr\/wp-content\/uploads\/2026\/01\/PXL_20260117_110043337.MP2_-1-edited.jpg","contentUrl":"https:\/\/lisle-en-commun.fr\/wp-content\/uploads\/2026\/01\/PXL_20260117_110043337.MP2_-1-edited.jpg","width":1889,"height":1062},{"@type":"BreadcrumbList","@id":"https:\/\/lisle-en-commun.fr\/index.php\/dynamisme-a-lisle-sur-tarn\/#breadcrumb","itemListElement":[{"@type":"ListItem","position":1,"name":"Home","item":"https:\/\/lisle-en-commun.fr\/"},{"@type":"ListItem","position":2,"name":"Dynamisme \u00e0 Lisle-sur-Tarn"}]},{"@type":"WebSite","@id":"https:\/\/lisle-en-commun.fr\/#website","url":"https:\/\/lisle-en-commun.fr\/","name":"Lisle en Commun","description":"","publisher":{"@id":"https:\/\/lisle-en-commun.fr\/#organization"},"potentialAction":[{"@type":"SearchAction","target":{"@type":"EntryPoint","urlTemplate":"https:\/\/lisle-en-commun.fr\/?s={search_term_string}"},"query-input":{"@type":"PropertyValueSpecification","valueRequired":true,"valueName":"search_term_string"}}],"inLanguage":"fr-FR"},{"@type":"Organization","@id":"https:\/\/lisle-en-commun.fr\/#organization","name":"Lisle en Commun","url":"https:\/\/lisle-en-commun.fr\/","logo":{"@type":"ImageObject","inLanguage":"fr-FR","@id":"https:\/\/lisle-en-commun.fr\/#\/schema\/logo\/image\/","url":"https:\/\/lisle-en-commun.fr\/wp-content\/uploads\/2025\/09\/logo-lisle-en-commun-1.png","contentUrl":"https:\/\/lisle-en-commun.fr\/wp-content\/uploads\/2025\/09\/logo-lisle-en-commun-1.png","width":800,"height":800,"caption":"Lisle en Commun"},"image":{"@id":"https:\/\/lisle-en-commun.fr\/#\/schema\/logo\/image\/"},"sameAs":["https:\/\/www.instagram.com\/lisle_en_commun\/"]}]}},"_links":{"self":[{"href":"https:\/\/lisle-en-commun.fr\/index.php\/wp-json\/wp\/v2\/pages\/459","targetHints":{"allow":["GET"]}}],"collection":[{"href":"https:\/\/lisle-en-commun.fr\/index.php\/wp-json\/wp\/v2\/pages"}],"about":[{"href":"https:\/\/lisle-en-commun.fr\/index.php\/wp-json\/wp\/v2\/types\/page"}],"author":[{"embeddable":true,"href":"https:\/\/lisle-en-commun.fr\/index.php\/wp-json\/wp\/v2\/users\/1"}],"replies":[{"embeddable":true,"href":"https:\/\/lisle-en-commun.fr\/index.php\/wp-json\/wp\/v2\/comments?post=459"}],"version-history":[{"count":25,"href":"https:\/\/lisle-en-commun.fr\/index.php\/wp-json\/wp\/v2\/pages\/459\/revisions"}],"predecessor-version":[{"id":497,"href":"https:\/\/lisle-en-commun.fr\/index.php\/wp-json\/wp\/v2\/pages\/459\/revisions\/497"}],"wp:attachment":[{"href":"https:\/\/lisle-en-commun.fr\/index.php\/wp-json\/wp\/v2\/media?parent=459"}],"curies":[{"name":"wp","href":"https:\/\/api.w.org\/{rel}","templated":true}]}}